2 + 3).
7
Evaluate -7 - (8 - (39 - 41)).
-17
Evaluate -1 - (2 + (-14 - (-5 - 4))).
2
Calculate 5 - (15 + -5 - (4 - 2)).
-3
What is the value of -9 + (29 - 32 - (-2 - 1)) + -3?
-12
What is the value of -27 + (15 - -21) + -10?
-1
What is the value of (37 - -4 - (4 - -10)) + 0 + -1?
26
What is -12 + (41 - 30 - (0 - 1))?
0
What is (16 - -1) + (-2 + -4 - -2)?
13
What is 9 + (-1 - -5) + 16 - (-6 - -6)?
29
What is (9 - -2) + (-17 - -23 - (-1 + 19))?
-1
Calculate -6 - (0 + (-8 - 5 - 8)).
15
Calculate (9 - 10) + (2 - -2) + -2.
1
Calculate -1 - (40 + -48 - (-1 + (1 - 3))).
4
Evaluate (-28 - -28 - (3 + -6 - -7)) + -20.
-24
Calculate (-5 - ((-3 - -3) + -2 + -2)) + 33.
32
Evaluate 16 + -51 + 18 - (1 - 14).
-4
Calculate -42 + -2 + (44 + -6 - 24).
-30
Evaluate -8 - 63 - -35 - -1.
-35
Evaluate (5 - 13 - (-13 + 2)) + (6 - 1).
8
Evaluate (40 - 2) + (-338 - -306).
6
Evaluate -9 - (5 + 2 + (3 - 11)).
-8
Calculate 26 + (1 - (32 + 12)).
-17
What is the value of (3 - -3) + -14 + (1 - -21) + 1?
15
Evaluate 8 + (3 - (-5 + 1 - 3)).
18
5 - (-2 - (0 - 0) - -3 - -3)
1
What is the value of (-30 - (-7 - -4)) + 3 + 9?
-15
9 - (15 + -25) - 9
10
What is the value of (8 - 7) + -7 - -17?
11
What is the value of 46 - 24 - 1 - 31?
-10
What is 3 + (-23 - -51) + -18?
13
What is the value of 14 - (5 + (-10 - -20)) - -8?
7
-42 + (78 - 31) + 4 + -1 + 22
30
What is the value of 18 + (10 + -5 - 23) + 9 + -4?
5
Calculate 14 + 0 + (-58 - (-4 + -26)).
-14
What is the value of (21 + 11 - -2) + -25?
9
Evaluate 1 + 5 - (-18 - -18) - 3.
3
Calculate 4 - (12 + -1 + -4 + 9 + -14).
2
What is 3 + (1 - 5) + 1 + (-3 - -2)?
-1
Calculate 18 + 14 + 18 + -45.
5
Calculate (1 - -28 - (-19 + 24)) + (5 - 12).
17
(17 - -17) + (4 - 22)
16
What is the value of -6 + -1 + -46 + 47 + -7?
-13
What is 13 - -24 - 13 - -4?
28
What is -4 - (-20 + 9 - -23)?
-16
What is the value of 13 + (9 - (-16 - -18)) - (7 + -1)?
14
Evaluate 17 + (-28 - -3) - -23.
15
What is the value of 25 + (-21 - -33) - 23?
14
Evaluate 7 + -21 - 0 - -18.
4
What is -3 + 1 + -31 - (-44 - -33)?
-22
Calculate 5 - ((4 - (-3 - -11)) + 2).
7
Calculate 21 + (-3 - (-4 - 6 - -17)) - -6.
17
Calculate -2 + 5 - (-1 + -2 - (-2 - 2)).
2
What is the value of (0 + -2 - 30) + 249 + -242?
-25
(0 + 4 - (28 - 18)) + (0 - -39)
33
(1 - 8 - (3 + 1 + -5)) + 5
-1
What is the value of 1 - (28 + -44 + 22)?
-5
What is -13 + (44 - 24) + -24?
-17
What is -10 - (16 - (-27 + 54))?
1
Evaluate 1 + -8 + (2 - -5 - (6 - 1)).
-5
Evaluate (2 - 2) + -6 + (-1 - (-2 + 6)).
-11
What is -6 - (-2 - 6 - -9 - -5)?
-12
What is the value of 23 + (7 - (1 - (5 - 18))) - 11?
5
What is (-1 - (2 + 4 + -3)) + -1 - -1?
-4
What is 4 - -2 - (-3 + -7 + 5)?
11
Evaluate -14 + -2 + (-3 - -24).
5
-1 + (5 - (30 + -16)) + 30
20
Evaluate -18 - (-7 + (-21 - -21)).
-11
What is (-1 - -9) + (107 - 104) - 17?
-6
17 + -12 + 11 + -1
15
Evaluate (1 - 8 - (6 + -7)) + 8.
2
Calculate 11 - (25 - -15) - -32.
3
What is the value of -276 + 273 + (-2 - 11)?
-16
Calculate -7 + (2 - -3) + -12 + (-18 - -26).
-6
Evaluate (33 - 34) + 33 + -9.
23
What is the value of 35 + -9 + -7 + -8?
11
9 + 4 + -10 - ((0 - 0) + 0)
3
1 - ((57 - 48) + (1 + 2 - 10))
-1
Evaluate -2 - -6 - (-1 - (6 - (-2 + -5))).
18
Calculate -4 - ((-14 + 11 - (0 + -1)) + -6).
4
-7 - (-23 - (-28 + -12))
-24
Calculate -16 + (-3 - 6) + (0 - (4 - 12)).
-17
What is the value of -2 + -3 + 2 + -3 + 5 + 0?
-1
Evaluate -146 + 137 + (21 - -2).
14
Calculate (4 - -7) + -14 + (-1 - -2 - 0).
-2
Evaluate 21 + (4 - 31) - (-2 + 0).
-4
What is the value of -14 + 2 + -8 + 16?
-4
Calculate -3 - (35 + (21 - 46)).
-13
Calculate 1 + 4 + -8 + (-2 - -4) - -11.
10
What is (-17 - 19 - -10) + 9?
-17
Calculate 4 - -1 - ((-11 - 4) + 29).
-9
What is (-6 - 10) + 0 + 10?
-6
Calculate (5 - 5) + -12 + (1 - (-5 - -1)).
-7
What is the value of (-1 - -3) + 1 + 350 + -379?
-26
Evaluate -1 + (-4 - 15) + -10 - -9.
-21
Calculate 0 - (18 - 11) - (-3 - 9).
5
Evaluate 1 - 12 - (1066 - 1067).
-10
What is the value of -3 + 4 - 19 - (1 - -8)?
-27
5 - ((-21 - -17) + (0 - -14))
-5
What is (3 + -25 - -12) + -1 + -6?
-17
Calculate 5 + 29 + -40 + 27.
21
What is -1 - (-4 + -4) - (-2 - -7 - -7)?
-5
What is the value of (18 + -3 - 13) + 10?
12
Evaluate -29 + 48 + (-5 - 3).
11
What is the value of -3 + -22 + 31 + -1 + 0 + -12?
-7
What is -255 + 238 + (-3 - -38)?
18
What is the value of (-6 - -8 - (4 - -1)) + (2 - 8)?
-9
Evaluate 69 + -20 - 22 - 51.
-24
Evaluate 26 + (-6 - -11 - 2).
29
Evaluate -10 + (-6 - (4 + -4) - -6).
-10
Calculate -15 - (-14 - (-16 + 8)).
-9
Evaluate (0 - -28) + (-583 - -588).
33
(-13 - -13 - 7) + -2 + -2
-11
Evaluate (-2 - (-2 - -2)) + -3 - (28 - 51).
18
What is -10 + 1 + (37 - (-28 - -59))?
-3
Evaluate 29 - (2 + 49 + -3).
-19
1 + -25 + 14 - 2
-12
What is (-3 - (0 - 9) - -3) + -7?
2
What is the value of -7 + (-4 - (1 + -7 - -10))?
-15
Evaluate 21 + -5 + 1 - (1 - (-2 + 1)).
15
Calculate 4 + (-7 - (-9 - 9) - -2).
17
Calculate (8 + 3 - 3) + -5 - (4 + -8).
7
28 + -6 + 8 + 8 + -26 + 18
30
151 - 149 - (-42 - -1) - 14
29
Evaluate -5 - (1 + -7 + -6 + -8).
15
What is (6 - 3) + -1 - (0 + 19) - -11?
-6
What is the value of -7 + (24 - (-1 + 11 + -5))?
12
What is (-1 - -44) + (-469 - -444)?
18
-9 + 3 - (11 + -7) - -7
-3
Evaluate -15 + -25 + 32 - 21.
-29
What is the value of -4 - (22 + (-3 - 2))?
-21
What is (-10 - -1 - (16 + -12)) + (-6 - -1)?
-18
What is -1 + -3 - ((-48 - -11) + 19 + 35)?
-21
1 + 7 - (87 + -75 + 4 + 0)
-8
(3 - (-1 + 9 - 9)) + -16
-12
Calculate 9 + 3 + (7 - 14).
5
Evaluate -13 - (-3 - (-6 - -8) - -1).
-9
What is the value of -7 + (16 - (-18 + 12))?
15
Calculate 3 + (-4 - -7) + -3 - (-4 + 6).
1
What is the value of -4 + 0 + -5 + 3 + 5?
-1
Calculate 1 - (31 + -37 - (0 + -26)).
-19
Calculate -14 - (-12 + 2 + (12 - 6)).
-10
-31 + (19 - 8) - ((4 - -2) + -3)
-23
What is the value of 6 + (-5 - -12) + (-20 - -13)?
6
(-17 - -5) + 7 + -3
-8
Evaluate 5 + 6 + (7 - 0) + -4 + -2.
12
Calculate 2 + (0 - -7) + 0 + (-32 - -32).
9
Evaluate 27 + -18 + (0 - (-5 + 12)).
2
Calculate 6 + 2 + -8 - 21 - -4.
-17
-8 - (8 + -5 + -4 + 0)
-7
Evaluate (-5 + 8 - 5 - -34) + (-1 - 6).
25
What is the value of 4 + (11 + -12 - (10 - (5 + 0)))?
-2
What is the value of (-4 + 5 - -19) + 6 + 4 + -16?
14
What is 11 + -3 + -2 + 2 - (7 + -5)?
6
What is the value of 7 + (-21 - 1) - 2?
-17
Evaluate (48 - 17 - -1) + -2.
30
-7 + (-14 - -12) - (-17 + -2)
10
Calculate (1 + (-11 - 3) - (-56 - -53)) + -17.
-27
What is the value of 2 - (-2 + -3 - -14) - (2 - -1)?
-10
Evaluate (-5 + -18 + -12 - -9) + 17.
-9
What is (-20 + (1 - -3) + 6 - 0) + 3?
-7
Calculate 7 + -5 - (4 + 2 + -9 + 2).
3
What is the value of 0 + -2 + 5 - (-2 + 6 + 7)?
-8
Evaluate 4 - (-7 - -41) - (15 + -23).
-22
Evaluate 11 - 25 - -19 - -3.
8
What is (12 - 3) + -6 - (14 + 3 - 14)?
0
What is the value of 35 + (14 - 7 - 29)?
13
What is the value of (0 - -4) + -5 + -34 + 18 + -9?
-26
Calculate -3 + 2 - 1 - (25 - 15).
-12
Evaluate 26 + (-22 - (32 - 23)).
-5
What is the value of 2 + (-4 - -4) - (-40 + 50)?
-8
What is -26 - (21 - (-24 + 97))?
26
Calculate -798 + 796 + (0 - 6).
-8
What is 23 - (3 - -15 - 10)?
15
What is the value of 10 + 3 + -10 - 3 - (1 - -4)?
-5
Calculate (-50 - -2) + (18 - (19 + 4 - 15)).
-38
What is the value of -111 + 94 - (-1 + -6)?
-10
38 - (4 - -5 - (5 - -4 - 11))
27
Calculate (8 - (-1 - 6 - -23)) + -4.
-12
Evaluate 4 - (2 + 7 + (-8 - -9)).
-6
1 - 26 - (-318 - -292)
1
What is -10 - 2 - ((-30 - -31) + -5)?
-8
Evaluate -716 + 730 - (-4 + 0 - 2).
20
14 + (-9 - -5 - -1) - (1 + 9)
1
What is (-2 - 29) + 12 + -2 - (7 + -3)?
-25
Calculate 10 - 15 - -5 - 26 - -6 - -8.
-12
Calculate (-6 + 3 + 12 - 14) + -6.
-11
Calculate -14 - (-3 + 5) - ((-16 - -19) + 0).
-19
What is the value of -8 + 3 + 32 - (7 - (-7 + 5))?
18
Evaluate 16 - 14 - (11 + 4 + -5).
-8
What is 29 + -8 + 12 + -11?
22
What is the value of -42 + 6 + -1 + 29 + -17?
-25
What is the value of 3 + 0 + 230 + -210?
23
Calculate 44 - 42 - (-3 + 16).
-11
8 + -9 + 8 + -1
6
7 + -1 + -37 + 23 + -8 + 15
-1
What is the value of -1 - 2 - (-780 + 756)?
21
What is the value of (8 - (-13 - -2)) + (-19 - -9)?
9
Calculate (-2 - -7) + (9 + -19 - -17).
12
-18 - (4 + -52 - -14)
16
Calculate -26 + (41 + 15 - 10).
20
Evaluate -4 - -8 - (-16 - -23).
-3
What is 23 + -28 + 0 + 5 - -5?
5
What is the value of 6 + (-4 - 3) + -1 - -6?
4
(-3 - -11) 